15?
64e9
Convert -326 (base 14) to base 12.
-43a
1132 (base 7) to base 11
348
Convert 200303 (base 4) to base 9.
2782
340 (base 5) to base 7
164
1010011 (base 2) to base 11
76
Convert -452 (base 7) to base 11.
-1a2
Convert 3110402 (base 5) to base 15.
1006c
323 (base 7) to base 12
118
Convert -1330 (base 8) to base 2.
-1011011000
What is -109d (base 16) in base 3?
-12211112
Convert 3222113 (base 4) to base 14.
5675
What is 1463 (base 11) in base 12?
1110
Convert 113 (base 11) to base 12.
b3
Convert -110011000011110 (base 2) to base 10.
-26142
What is -585 (base 12) in base 6?
-3445
-1263 (base 7) to base 6
-2130
What is 155b (base 12) in base 11?
1990
What is 3220 (base 4) in base 14?
128
What is -1001200 (base 3) in base 9?
-1050
107 (base 9) to base 16
58
4 (base 16) to base 10
4
What is 5ac0 (base 16) in base 14?
8676
Convert -15775 (base 8) to base 7.
-26614
Convert -17510 (base 10) to base 14.
-654a
-7636 (base 10) to base 15
-23e1
Convert -211001 (base 3) to base 13.
-36a
Convert -4557 (base 14) to base 7.
-50040
2115 (base 6) to base 7
1253
Convert -2cab (base 16) to base 15.
-35c5
Convert 81 (base 11) to base 3.
10022
-1100101010 (base 2) to base 10
-810
What is -1100100111100100 (base 2) in base 14?
-14b9a
Convert -20b9 (base 16) to base 14.
-30a5
What is 11000001001 (base 2) in base 16?
609
Convert -101dd (base 14) to base 10.
-38807
Convert -43703 (base 9) to base 11.
-1a875
Convert -3424 (base 5) to base 10.
-489
Convert 22765 (base 12) to base 3.
2100010012
Convert 3c (base 13) to base 4.
303
3a (base 14) to base 10
52
134014 (base 5) to base 7
22030
Convert -b6f (base 16) to base 2.
-101101101111
54145 (base 7) to base 4
3102103
2359 (base 10) to base 2
100100110111
-21660 (base 8) to base 9
-13471
Convert -3565 (base 11) to base 6.
-33341
Convert -145 (base 6) to base 9.
-72
What is -253 (base 8) in base 3?
-20100
What is -9c6 (base 15) in base 5?
-32321
Convert -2350 (base 6) to base 7.
-1443
Convert -235521 (base 6) to base 4.
-11003221
-2bd5 (base 15) to base 13
-43a0
What is 2203 (base 4) in base 8?
243
Convert -43113 (base 5) to base 12.
-1824
Convert 670 (base 8) to base 7.
1166
Convert -938 (base 14) to base 4.
-130112
-3201111 (base 4) to base 6
-150433
What is -1423 (base 7) in base 13?
-33a
Convert 29 (base 14) to base 2.
100101
What is 13102 (base 4) in base 9?
567
Convert 31122 (base 6) to base 12.
24a2
Convert 329 (base 13) to base 3.
202002
62c (base 14) to base 9
1601
-5465 (base 16) to base 7
-116663
Convert 434 (base 5) to base 6.
315
What is -1a (base 13) in base 12?
-1b
1525 (base 12) to base 13
1187
Convert 612 (base 9) to base 15.
232
What is -10000001110011 (base 2) in base 7?
-33135
Convert 512c (base 13) to base 5.
324232
Convert 33b2 (base 12) to base 13.
2804
What is -15865 (base 12) in base 15?
-9105
Convert 108 (base 15) to base 9.
278
What is 882 (base 9) in base 5?
10342
Convert -2120 (base 7) to base 9.
-1022
-4299 (base 14) to base 3
-120210001
What is 64b9 (base 13) in base 16?
36ba
-445 (base 6) to base 8
-255
Convert -144a0 (base 11) to base 3.
-1001012110
Convert 199 (base 13) to base 9.
357
Convert -2826 (base 14) to base 9.
-10647
What is -50c (base 15) in base 7?
-3213
Convert 4a7 (base 12) to base 15.
31d
-20101232 (base 4) to base 9
-51448
What is -2420 (base 5) in base 7?
-1023
Convert -1747 (base 9) to base 2.
-10100111011
Convert -2441 (base 10) to base 8.
-4611
-12602 (base 7) to base 3
-11122022
What is -25 (base 6) in base 3?
-122
What is 2c12 (base 15) in base 3?
110222122
What is -2134 (base 7) in base 3?
-1001011
Convert 2456 (base 13) to base 8.
12025
113622 (base 7) to base 2
101000001000011
Convert -126 (base 12) to base 5.
-1144
Convert 705 (base 13) to base 9.
1560
Convert 2055 (base 12) to base 15.
109b
-311233 (base 4) to base 7
-13012
Convert 4401 (base 6) to base 9.
1341
Convert -676 (base 14) to base 7.
-3506
Convert 43532 (base 7) to base 13.
4c67
947 (base 11) to base 12
7b0
What is -1000100100 (base 2) in base 13?
-332
-16778 (base 11) to base 15
-6ea9
Convert -2305 (base 12) to base 10.
-3893
What is 22771 (base 9) in base 15?
4791
What is -50d (base 16) in base 4?
-110031
What is 477 (base 8) in base 6?
1251
What is -121c (base 16) in base 15?
-1591
Convert -102201 (base 3) to base 7.
-631
Convert 2311 (base 6) to base 10.
547
What is -111403 (base 5) in base 14?
-1642
1031023 (base 4) to base 5
124224
Convert d86 (base 15) to base 12.
1923
What is 102223 (base 4) in base 7?
3325
Convert -280 (base 12) to base 16.
-180
Convert 6277 (base 8) to base 2.
110010111111
-833 (base 9) to base 16
-2a6
-465 (base 9) to base 4
-11333
What is -1210 (base 4) in base 11?
-91
37f (base 16) to base 13
53b
Convert 392 (base 11) to base 15.
20e
What is 115767 (base 8) in base 15?
bc6c
What is -32220 (base 6) in base 7?
-15561
Convert 13680 (base 9) to base 2.
10010001011010
Convert 6896 (base 10) to base 11.
51aa
Convert -2385 (base 12) to base 6.
-30245
What is 2212200 (base 3) in base 11?
1637
What is -2103 (base 6) in base 7?
-1242
What is 12843 (base 10) in base 5?
402333
-103515 (base 6) to base 14
-31d5
-3888 (base 9) to base 3
-10222222
What is -23011 (base 6) in base 7?
-12316
Convert e79 (base 16) to base 4.
321321
-87451 (base 9) to base 11
-3a602
What is -3712 (base 9) in base 8?
-5315
What is -647 (base 12) in base 14?
-499
What is 236 (base 13) in base 7?
1055
acc (base 14) to base 15
97a
Convert -523 (base 10) to base 15.
-24d
-23d6 (base 16) to base 9
-13523
What is 1031 (base 8) in base 15?
25c
Convert 13310 (base 5) to base 11.
8a2
What is 12b49 (base 12) in base 9?
38383
Convert -1787 (base 13) to base 7.
-13115
Convert -202001 (base 3) to base 14.
-2a9
2360 (base 9) to base 14
8d5
Convert 22067 (base 13) to base 8.
170241
Convert 1431 (base 7) to base 8.
1061
Convert -58a9 (base 12) to base 14.
-3889
What is 12202 (base 4) in base 8?
642
21120211 (base 4) to base 5
2212222
Convert 19a6 (base 13) to base 6.
25502
What is -17d9 (base 15) in base 10?
-5154
b7 (base 16) to base 2
10110111
Convert 1100101111001 (base 2) to base 16.
1979
a7 (base 14) to base 5
1042
502 (base 9) to base 13
254
Convert -634 (base 11) to base 2.
-1011111011
35a (base 11) to base 12
2b8
-424 (base 5) to base 7
-222
-2575 (base 13) to base 8
-12327
What is -343 (base 14) in base 3?
-212222
What is 110100 (base 2) in base 11?
48
What is -8054 (base 9) in base 8?
-13371
Convert 233 (base 15) to base 3.
200110
What is 3643 (base 10) in base 5?
104033
-44b (base 12) to base 6
-2535
2d (base 15) to base 5
133
What is 268 (base 9) in base 16?
e0
What is 1322 (base 6) in base 16?
152
-826 (base 15) to base 14
-952
Convert -157b (base 16) to base 15.
-1969
25015 (base 6) to base 11
2849
What is 96 (base 12) in base 4?
1302
Convert 3b9 (base 15) to base 10.
849
What is -35436 (base 7) in base 15?
-2a96
-2002 (base 3) to base 16
-38
2210311 (base 4) to base 12
6131
9416 (base 12) to base 8
37422
What is -11432 (base 5) in base 12?
-603
-21301 (base 4) to base 7
-1552
-100001101 (base 2) to base 6
-1125
Convert 3904 (base 15) to base 8.
27572
1a82 (base 11) to base 3
10121110
-363e (base 15) to base 11
-8736
-729 (base 14) to base 10
-1409
What is -1765 (base 13) in base 16?
-d87
What is -399 (base 13) in base 8?
-1171
Convert 112210012 (base 3) to base 6.
121522
-29093 (base 10) to base 13
-1031c
Convert 62206 (base 8) to base 16.
6486
-2fc (base 16) to base 8
-1374
1003 (base 6) to base 10
219
Convert 5351 (base 7) to base 9.
2538
Convert -2000200 (base 4) to base 13.
-3988
What is 210014 (base 5) in base 13?
3197
What is -11120012 (base 3) in base 11?
-2554
What is -31422 (base 5) in base 3?
-2220020
Convert 728 (base 12) to base 4.
100100
10010 (base 4) to base 12
198
Convert 139a (base 14) to base 15.
1063
Convert 4145 (base 7) to base 13.
87b
Convert 2b1c (base 16) to base 9.
16122
Convert 100237 (base 8) to base 15.
9b52
What is -5be1 (base 16) in base 15?
-6e81
5303 (base 7) to base 9
2502
Convert -30301 (base 9) to base 13.
-90bb
Convert 2809 (base 10) to base 5.
42214
What is abce (base 16) in base 11?
30054
-16652 (base 7) to base 13
-2246
What is -11667 (base 8) in base 16?
-13b7
What is -5707 (base 11) in base 8?
-16525
-12442 (base 6) to base 11
-1476
What is 2033 (base 4) in base 7